{"id":87,"date":"2019-12-23T14:31:17","date_gmt":"2019-12-23T14:31:17","guid":{"rendered":"https:\/\/hasimajelevator.com\/?page_id=87"},"modified":"2023-11-08T13:52:28","modified_gmt":"2023-11-08T13:52:28","slug":"ashensor-kuzhine","status":"publish","type":"page","link":"https:\/\/hasimajelevator.com\/index.php\/ashensor-kuzhine\/","title":{"rendered":"Ashensor\u00eb Kuzhine"},"content":{"rendered":"<div class=\"wpb-content-wrapper\"><p>[vc_row][vc_column width=&#8221;1\/2&#8243; offset=&#8221;vc_hidden-sm vc_hidden-xs&#8221;][vc_empty_space height=&#8221;42px&#8221;][vc_custom_heading text=&#8221;ASHENSOR KUZHINE&#8221; font_container=&#8221;tag:h3|text_align:left|color:%231d59c8&#8243; google_fonts=&#8221;font_family:Roboto%3A100%2C100italic%2C300%2C300italic%2Cregular%2Citalic%2C500%2C500italic%2C700%2C700italic%2C900%2C900italic|font_style:300%20light%20regular%3A300%3Anormal&#8221;][vc_column_text]Ofrojm\u00eb ashensor kuzhine (dumbwaiter) t\u00eb cil\u00ebt jan\u00eb nj\u00eb zgjidhje ideale p\u00ebr t&amp;#39;u p\u00ebrdorur n\u00eb bar &#8211; kafe, restorante, piceri, hotele, spitale vila dhe sht\u00ebpi banimi. Ashensor\u00ebt kan\u00eb nj\u00eb dizajn t\u00eb fort\u00eb dhe t\u00eb besuesh\u00ebm dhe ofrojn\u00eb nj\u00eb zgjidhje t\u00eb menj\u00ebhershme p\u00ebr t\u00eb p\u00ebrmbushur k\u00ebrkesat duke rritur produktivitetin dhe duke sh\u00ebrbyer n\u00eb nj\u00eb koh\u00eb me t\u00eb shkurt\u00ebr.<\/p>\n<p>Disa nga karakteristikat e tyre kryesore jan\u00eb:[\/vc_column_text][vc_empty_space height=&#8221;12px&#8221;]<div class=\"standard-arrow bullet-top\"><ul>\n<li>Shpejt\u00ebsi deri n\u00eb 0.5m\/s<\/li>\n<li>Kapaciteti deri n\u00eb 300kg<\/li>\n<li>Prodhuar sipas Direktiv\u00ebs EN81-3.<\/li>\n<\/ul>\n<\/div>[\/vc_column][vc_column width=&#8221;1\/2&#8243; offset=&#8221;vc_hidden-sm vc_hidden-xs&#8221;][vc_media_grid style=&#8221;pagination&#8221; items_per_page=&#8221;1&#8243; element_width=&#8221;12&#8243; paging_color=&#8221;mulled_wine&#8221; grid_id=&#8221;vc_gid:1699451522869-5e3ee5e9-de5f-1&#8243; include=&#8221;339,340,338&#8243;][\/vc_column][\/vc_row][vc_row][vc_column width=&#8221;1\/2&#8243; offset=&#8221;vc_hidden-lg vc_hidden-md&#8221;][vc_empty_space height=&#8221;42px&#8221;][vc_row_inner][vc_column_inner][vc_custom_heading text=&#8221;ASHENSOR\u00cb KUZHINE&#8221; font_container=&#8221;tag:h3|text_align:center|color:%23333366&#8243; google_fonts=&#8221;font_family:Roboto%3A100%2C100italic%2C300%2C300italic%2Cregular%2Citalic%2C500%2C500italic%2C700%2C700italic%2C900%2C900italic|font_style:300%20light%20regular%3A300%3Anormal&#8221;][\/vc_column_inner][\/vc_row_inner][vc_custom_heading text=&#8221;K\u00ebto ashensor\u00eb jan\u00eb t\u00eb kapaciteteve t\u00eb ndryshme dhe jan\u00eb nj\u00eb zgjidhje ideale p\u00ebr t`u p\u00ebrdorur n\u00eb bar &#8211; kafe, restorante, pizzeri, hotele, spitale dhe n\u00eb sht\u00ebpi banimi. Ashensori i kuzhin\u00ebs \u00ebsht\u00eb zgjedhja juaj e par\u00eb. Transporti i mallrave dhe pijeve midis niveleve t\u00eb ndryshme nuk ka qen\u00eb kurr\u00eb m\u00eb i leht\u00eb dhe m\u00eb i rehatsh\u00ebm. Ashensor\u00ebt kan\u00eb nj\u00eb dizajn t\u00eb fort\u00eb dhe t\u00eb besuesh\u00ebm dhe ofrojn\u00eb nj\u00eb zgjidhje t\u00eb menj\u00ebhershme p\u00ebr t\u00eb p\u00ebrmbushur k\u00ebrkesat e m\u00ebsip\u00ebrme t\u00eb rritjes s\u00eb produktivitetit, zvog\u00eblimin e tendosjes dhe kursimit t\u00eb koh\u00ebs.&#8221; font_container=&#8221;tag:h6|text_align:justify|color:%23333333&#8243; google_fonts=&#8221;font_family:Roboto%3A100%2C100italic%2C300%2C300italic%2Cregular%2Citalic%2C500%2C500italic%2C700%2C700italic%2C900%2C900italic|font_style:400%20regular%3A400%3Anormal&#8221;][vc_empty_space height=&#8221;12px&#8221;][vc_single_image image=&#8221;96&#8243; img_size=&#8221;full&#8221; alignment=&#8221;center&#8221; style=&#8221;vc_box_border&#8221; image_hovers=&#8221;false&#8221;][vc_empty_space height=&#8221;12px&#8221;][\/vc_column][vc_column width=&#8221;1\/2&#8243; offset=&#8221;vc_hidden-lg vc_hidden-md&#8221;][vc_custom_heading text=&#8221;KABIN\u00cb E PROPOZUAR&#8221; font_container=&#8221;tag:h3|text_align:center|color:%23333366&#8243; google_fonts=&#8221;font_family:Roboto%3A100%2C100italic%2C300%2C300italic%2Cregular%2Citalic%2C500%2C500italic%2C700%2C700italic%2C900%2C900italic|font_style:300%20light%20regular%3A300%3Anormal&#8221;]<div id=\"ult-carousel-279247356269fb2e2315edc\" class=\"ult-carousel-wrapper   ult_horizontal\" data-gutter=\"15\" data-rtl=\"false\" ><div class=\"ult-carousel-152412797969fb2e2315e2b \" >[vc_single_image image=&#8221;97&#8243; img_size=&#8221;full&#8221;][vc_single_image image=&#8221;97&#8243; img_size=&#8221;full&#8221;][vc_single_image image=&#8221;97&#8243; img_size=&#8221;full&#8221;][vc_single_image image=&#8221;97&#8243; img_size=&#8221;full&#8221;]<\/div><\/div>\t\t\t<script type=\"text\/javascript\">\n\t\t\t\tjQuery(document).ready(function ($) {\n\t\t\t\t\tif( typeof jQuery('.ult-carousel-152412797969fb2e2315e2b').slick == \"function\"){\n\t\t\t\t\t\t$('.ult-carousel-152412797969fb2e2315e2b').slick({dots: false,autoplaySpeed: \"5000\",speed: \"300\",infinite: false,arrows: true,nextArrow: '<button type=\"button\" role=\"button\" aria-label=\"Next\" style=\"color:#333333; font-size:20px;\" class=\"slick-next default\"><i class=\"ultsl-arrow-right6\"><\/i><\/button>',prevArrow: '<button type=\"button\" role=\"button\" aria-label=\"Previous\" style=\"color:#333333; font-size:20px;\" class=\"slick-prev default\"><i class=\"ultsl-arrow-left6\"><\/i><\/button>',slidesToScroll:5,slidesToShow:5,swipe: true,draggable: true,touchMove: true,pauseOnHover: true,pauseOnFocus: false,responsive: [\n\t\t\t\t\t\t\t{\n\t\t\t\t\t\t\t  breakpoint: 1026,\n\t\t\t\t\t\t\t  settings: {\n\t\t\t\t\t\t\t\tslidesToShow: 5,\n\t\t\t\t\t\t\t\tslidesToScroll: 5,  \n\t\t\t\t\t\t\t  }\n\t\t\t\t\t\t\t},\n\t\t\t\t\t\t\t{\n\t\t\t\t\t\t\t  breakpoint: 1025,\n\t\t\t\t\t\t\t  settings: {\n\t\t\t\t\t\t\t\tslidesToShow: 3,\n\t\t\t\t\t\t\t\tslidesToScroll: 3\n\t\t\t\t\t\t\t  }\n\t\t\t\t\t\t\t},\n\t\t\t\t\t\t\t{\n\t\t\t\t\t\t\t  breakpoint: 760,\n\t\t\t\t\t\t\t  settings: {\n\t\t\t\t\t\t\t\tslidesToShow: 2,\n\t\t\t\t\t\t\t\tslidesToScroll: 2\n\t\t\t\t\t\t\t  }\n\t\t\t\t\t\t\t}\n\t\t\t\t\t\t],pauseOnDotsHover: true,customPaging: function(slider, i) {\n                   return '<i type=\"button\" style= \"color:#333333;\" class=\"ultsl-record\" data-role=\"none\"><\/i>';\n                },});\n\t\t\t\t\t}\n\t\t\t\t});\n\t\t\t<\/script>\n\t\t\t[\/vc_column][\/vc_row]<\/p>\n<\/div>","protected":false},"excerpt":{"rendered":"<p>[vc_row][vc_column width=&#8221;1\/2&#8243; offset=&#8221;vc_hidden-sm vc_hidden-xs&#8221;][vc_empty_space height=&#8221;42px&#8221;][vc_custom_heading text=&#8221;ASHENSOR KUZHINE&#8221; font_container=&#8221;tag:h3|text_align:left|color:%231d59c8&#8243; google_fonts=&#8221;font_family:Roboto%3A100%2C100italic%2C300%2C300italic%2Cregular%2Citalic%2C500%2C500italic%2C700%2C700italic%2C900%2C900italic|font_style:300%20light%20regular%3A300%3Anormal&#8221;][vc_column_text]Ofrojm\u00eb ashensor kuzhine (dumbwaiter) t\u00eb cil\u00ebt jan\u00eb nj\u00eb zgjidhje ideale p\u00ebr t&amp;#39;u p\u00ebrdorur n\u00eb bar &#8211; kafe, restorante, piceri, hotele, spitale vila dhe sht\u00ebpi banimi. Ashensor\u00ebt kan\u00eb nj\u00eb dizajn t\u00eb fort\u00eb dhe t\u00eb besuesh\u00ebm dhe ofrojn\u00eb nj\u00eb zgjidhje t\u00eb menj\u00ebhershme p\u00ebr t\u00eb p\u00ebrmbushur k\u00ebrkesat duke rritur produktivitetin&hellip;<\/p>\n","protected":false},"author":1,"featured_media":0,"parent":0,"menu_order":0,"comment_status":"closed","ping_status":"closed","template":"","meta":{"footnotes":""},"class_list":["post-87","page","type-page","status-publish","hentry","description-off"],"_links":{"self":[{"href":"https:\/\/hasimajelevator.com\/index.php\/wp-json\/wp\/v2\/pages\/87","targetHints":{"allow":["GET"]}}],"collection":[{"href":"https:\/\/hasimajelevator.com\/index.php\/wp-json\/wp\/v2\/pages"}],"about":[{"href":"https:\/\/hasimajelevator.com\/index.php\/wp-json\/wp\/v2\/types\/page"}],"author":[{"embeddable":true,"href":"https:\/\/hasimajelevator.com\/index.php\/wp-json\/wp\/v2\/users\/1"}],"replies":[{"embeddable":true,"href":"https:\/\/hasimajelevator.com\/index.php\/wp-json\/wp\/v2\/comments?post=87"}],"version-history":[{"count":13,"href":"https:\/\/hasimajelevator.com\/index.php\/wp-json\/wp\/v2\/pages\/87\/revisions"}],"predecessor-version":[{"id":383,"href":"https:\/\/hasimajelevator.com\/index.php\/wp-json\/wp\/v2\/pages\/87\/revisions\/383"}],"wp:attachment":[{"href":"https:\/\/hasimajelevator.com\/index.php\/wp-json\/wp\/v2\/media?parent=87"}],"curies":[{"name":"wp","href":"https:\/\/api.w.org\/{rel}","templated":true}]}}